0
Suppose -30 + 8 = -5*k - 3*r, -4*k = -r - 21. Suppose t - 3*t + 3 = -g, k*t + g = 11. Suppose -t*z = -z - 11. What is the tens digit of z?
1
Suppose -5*t - 246 = -8*t. Let g = 20 + -15. Suppose t = g*d + 32. What is the units digit of d?
0
Suppose 15 = 4*g - 41. What is the tens digit of g?
1
Let c(x) = x**3 + 2*x**2 + 2. Let d be c(-2). Suppose d*p + 10 = 4*p. What is the units digit of p?
5
Suppose -8*s + 5*s = -180. What is the units digit of s?
0
Let w = 8 - 12. Let p be w/6*(-60)/8. Suppose 0 = 3*o - 2*o - p. What is the units digit of o?
5
Suppose -3*q - 12 = q. What is the units digit of (-384)/(-15) + q/5?
5
Let i = -1 + 5. Suppose -c - 4*w + 20 = 0, 5*w = -i*c + 2*c + 25. Suppose c = 5*s + 3*h - 67, 2*s + h + 2*h = 34. What is the units digit of s?
1
Suppose -10*y + 6*y = -32. What is the units digit of y?
8
Let u be (-5 - -1)*(-15)/(-20). Let d be 1*u/3 - -2. Let r(z) = 4*z - 1. What is the units digit of r(d)?
3
Let n be (-1)/((-1)/2) - -1. Let s(d) = d**3 - 2*d**2 - 3*d - 2. Let h be s(n). What is the units digit of 3*(-2)/(h*1)?
3
Suppose 2*q = -5*g + 86, 2*g + 5*q = -3*g + 80. What is the tens digit of g?
1
Let t(w) = -w - 5. Let d be t(-6). What is the units digit of d/2 + (-7)/(-2)?
4
Suppose -5*n + 4*s = -76, 4*n + 3*s - s = 66. Let b be (n/10)/((-4)/(-10)). What is the tens digit of -8*((-35)/b)/5?
1
Suppose f + 0*f = 48. What is the tens digit of f?
4
Suppose 36 = 5*j + t, -3 = -4*j - 3*t + 28. Suppose 0 = -2*u + j*u - 15. Suppose -g = -u*f + g + 38, 0 = -3*f + g + 34. What is the tens digit of f?
1
Let b = -154 - -396. What is the tens digit of b?
4
Let i = 38 + 3. What is the units digit of i?
1
Suppose 1 - 3 = -y. Suppose 0 = -5*v - 3*f + 12, -y*f - 1 + 9 = -4*v. Suppose v + 10 = 5*g. What is the units digit of g?
2
Suppose -5*k = 0, -4*k + 5 + 10 = 5*p. Suppose -p*f + 5*z - 4 = -4*f, -2*z = 0. Suppose -4*g = -4*l + 36, 5*l - g - 69 = -f*g. What is the units digit of l?
2
Let p(w) = 18*w**2 + 0*w**2 - w**2. Suppose -6*j + 3*j = -3, -4*c - j = 3. What is the tens digit of p(c)?
1
Suppose h - 8 = 5*y, y + y - 2*h = 0. Let x(k) = 2*k**2 - 4*k - 3. Let c be x(y). Suppose c - 3 = 2*z. What is the units digit of z?
5
Suppose 0*i - 110 = -5*i. Suppose -4*m + 8*m = -44. Let q = m + i. What is the tens digit of q?
1
Let d(u) = -3*u + 1. Let o be d(-1). Suppose 27 = o*y - y. What is the units digit of y?
9
Let b(y) = 2*y**2 - 6*y + 6. Let k(p) = -p**2 + 3*p - 1. Let m(w) = -w. Let d(j) = -2*k(j) - 9*m(j). Let z be d(-2). What is the tens digit of b(z)?
1
Suppose -t - 1 = -14. Suppose 4*p = 11 + t. What is the units digit of p?
6
Let g(l) = -l**3 - 2*l**2 - l + 1. Let z be g(-2). Let o be (-3)/(-1) + -10 + 9. Suppose o = -z*t + 11. What is the units digit of t?
3
Let k(a) = -a**3 + 10*a**2 + 1. Let c be k(10). Let w be -15 + (-1)/c - -2. What is the units digit of (-2)/(-7) + (-94)/w?
7
Suppose 5*w - 15 = 0, 444 = 2*i + 5*w - 147. What is the hundreds digit of i?
2
Let s = 7 + -4. Suppose -s*r + 2*o = -63, 2*r - 12 - 28 = 2*o. What is the tens digit of r?
2
Let i(o) = 3*o**2 + 14*o - 4. Let t(u) = u**2 + 5*u - 1. Let a(j) = -4*i(j) + 11*t(j). Let m be a(-5). Let s = -5 - m. What is the tens digit of s?
1
Let p be 4/18 - 536/(-18). Suppose 0 = -3*i + 6*i + p. What is the units digit of i/(-2) - (-1 + 3)?
3
What is the units digit of -4 - (-99 - (-1 + 3)) - -2?
9
Suppose v = 2*v + 3*l - 190, v - l - 182 = 0. What is the units digit of v?
4
Let w = 243 + -149. What is the units digit of w?
4
Suppose 0 = 4*s - s. Let a be s + (0/1)/(-1). Suppose 0 = -2*c + v + 21, -34 = -3*c - a*c + 2*v. What is the units digit of c?
8
Suppose 5*u - 5 = x + x, -3*u = -4*x + 11. Let d(m) = x*m - 2*m**2 + 3*m**2 + 0*m**2 + 2*m. What is the units digit of d(-8)?
8
Let g = 7 - 21. Let x be (-4)/6*(-2 - g). Let q(a) = a**3 + 7*a**2 - 9*a + 5. What is the units digit of q(x)?
3
Let b = -3 + 2. What is the tens digit of 20/(0 - (0 + b))?
2
Let u(f) be the second derivative of 1/6*f**3 - 1/20*f**5 + 2*f + 7/2*f**2 - 1/2*f**4 + 0. What is the units digit of u(-6)?
1
Let s(q) = 15*q. Let l be s(1). What is the units digit of 1/(-5) + 408/l?
7
Let z = -3 - -5. Suppose m - z*m + 18 = 0. Let q = m - 10. What is the units digit of q?
8
Let n = -1 - -76. What is the tens digit of n?
7
Let q = 3 - 5. Let g be 6/(-9)*6/4. What is the units digit of g/q - 25/(-10)?
3
Let t = -4 + 2. What is the units digit of 86/6 - t/(-6)?
4
Suppose 0 = -o - 3*f + 69, -3*f + 440 = 4*o + 119. What is the units digit of o?
4
Let k(g) = -g**3 - 3*g**2 - 6*g - 6. Let m be ((-8)/(-6))/((-12)/36). What is the units digit of k(m)?
4
Suppose 5*g + f - 37 = 63, -2*g - 2*f = -48. Suppose -7*h + 95 = -2*h. Suppose 3*l + h = 3*p + 7*l, p - g = 5*l. What is the units digit of p?
9
Let r = 13 - 8. Suppose 4 - 15 = -i - 4*z, 78 = r*i - 3*z. What is the units digit of i?
5
Suppose -k - 6 = -2*b + 2, -3*b - 2*k + 5 = 0. Suppose -19 = -b*w + 32. Let j = w + -10. What is the units digit of j?
7
Suppose l = -u - 2*u, -3*l = 0. Suppose u = -d + 5*d - 76. What is the units digit of d?
9
What is the units digit of (-3)/((-3)/(-3)) + 20?
7
Let y(n) = -16*n**3 + n**2 - 1. Let u be y(-1). Let x = u - 7. What is the units digit of x?
9
Suppose 3 = -0*i - i. Let a be (1/i)/(5/(-45)). Suppose -5*d + a = -2. What is the units digit of d?
1
Suppose 0 = 5*z + 15, -2*r + 3*r + 4*z - 88 = 0. What is the hundreds digit of r?
1
Suppose -4*c = -0*c - 280. Let r = c - 24. What is the units digit of r?
6
Let w(d) = 43*d - 5. What is the units digit of w(1)?
8
Let b be ((-9)/6)/1*-8. Let v = 14 - b. What is the units digit of v?
2
Suppose 2*r = 3*r + 5*c - 99, 0 = 2*r - 3*c - 263. What is the hundreds digit of r?
1
Suppose 187 + 159 = 5*p + 2*y, -2*y - 74 = -p. What is the units digit of p?
0
Let z = 17 - 26. Let j(o) be the second derivative of -o**5/20 - 2*o**4/3 + 4*o**3/3 + 5*o**2/2 + 3*o. What is the tens digit of j(z)?
1
Let g = 49 + -31. Suppose s - 4*s + g = 0. What is the units digit of s?
6
Let z(i) be the first derivative of -i**6/360 + i**5/40 + i**4/12 + i**3/3 - 1. Let q(l) be the third derivative of z(l). What is the units digit of q(3)?
2
Suppose 2*d - 22 = -2*g, -5*g = d + 2*d - 59. What is the tens digit of g?
1
Suppose -7*g + 2*g + 148 = -4*r, 2*g + 3*r - 73 = 0. What is the units digit of g?
2
Let z(v) = -v**3 - 2*v**2 - 5*v - 4. Let n be z(-2). Suppose n = 4*d - d. What is the units digit of d?
2
Let w(r) = -4*r - 20. What is the tens digit of w(-8)?
1
Let v = 29 + -19. Let o(g) = 1 - 6 + 2*g + g**3 - 2 - 8 - 10*g**2. What is the units digit of o(v)?
5
Suppose -3*h = -2 - 1. Let c be ((-1)/h)/(2/(-8)). Suppose -15 - 1 = -c*x. What is the units digit of x?
4
Let a(m) = m**3 - 4*m**2 - 2*m - 3. What is the units digit of a(5)?
2
Let u(q) = -2 + 2 + q - 3. Let d be u(0). What is the units digit of 5/((-3)/9*d)?
5
Suppose -6*h = -2*h - 428. What is the hundreds digit of h?
1
Let w = -461 - -705. What is the hundreds digit of w?
2
Let a(p) be the third derivative of -p**4/6 + p**3/6 + 3*p**2. What is the tens digit of a(-3)?
1
Suppose -2*v = -7 - 33. What is the units digit of v?
0
Let b(t) = -t**3 + 12*t**2 - 13*t + 16. Let a be b(11). Let y = a + 19. What is the tens digit of y?
1
Let w = -105 - -265. Suppose 0 = -2*u + u - 5, -4*z = -4*u - w. Suppose -5*f = -z - 20. What is the tens digit of f?
1
Let f = 69 - 35. What is the units digit of f?
4
What is the tens digit of (0 - 66)*(-5)/15?
2
Let k = 15 - 1. What is the units digit of k?
4
What is the units digit of (-2)/3*(-10 - 77)?
8
Let w(c) = -c + 21. Let a be w(13). Let i = a + -5. What is the units digit of i?
3
Suppose -27*j + 28 = -25*j. What is the units digit of j?
4
Let f(a) = a + 2. Let c be f(0). Suppose -c*w - 5*s = -4 - 5, 2*w - 1 = 3*s. What is the units digit of (-1 + 2)/(w/10)?
5
Let m(w) = 4*w + 10. What is the tens digit of m(4)?
2
Suppose -5*v = -0*v - 30. Let u(x) = -3*x + 1 - 3 + v*x. What is the units digit of u(3)?
7
Let v(o) = o**2 - 7*o + 4. Let i be v(8). What is the units digit of 2 + (-15)/3 + i?
9
Let n(w) = 5*w**3 + w**2. Let u be n(1). Let g be u/(-1*(-1 + -1)). Suppose c + g*h + 39 = 3*c, c + h - 7 = 0. What is the tens digit of c?
1
Let a(k) = k - 9. Let u be a(6). Let g = u + 18. What is the units digit of g?
5
Let u